{"id":314,"date":"2025-12-15T06:09:57","date_gmt":"2025-12-15T06:09:57","guid":{"rendered":"https:\/\/uvhm.site\/2026\/?page_id=314"},"modified":"2025-12-15T06:09:58","modified_gmt":"2025-12-15T06:09:58","slug":"de","status":"publish","type":"page","link":"https:\/\/uvhm.site\/2026\/de\/","title":{"rendered":"DE"},"content":{"rendered":"<p>[et_pb_section fb_built=&#8221;1&#8243; _builder_version=&#8221;4.27.5&#8243; _module_preset=&#8221;default&#8221; global_colors_info=&#8221;{}&#8221; theme_builder_area=&#8221;post_content&#8221;][et_pb_row _builder_version=&#8221;4.27.5&#8243; _module_preset=&#8221;default&#8221; global_colors_info=&#8221;{}&#8221; theme_builder_area=&#8221;post_content&#8221;][et_pb_column type=&#8221;4_4&#8243; _builder_version=&#8221;4.27.5&#8243; _module_preset=&#8221;default&#8221; global_colors_info=&#8221;{}&#8221; theme_builder_area=&#8221;post_content&#8221;][et_pb_text _builder_version=&#8221;4.27.5&#8243; _module_preset=&#8221;default&#8221; background_color=&#8221;#F9B529&#8243; global_colors_info=&#8221;{}&#8221; theme_builder_area=&#8221;post_content&#8221;]<\/p>\n<h1 style=\"text-align: center;\"><strong><span style=\"color: #ffffff;\">DOCTORADO EN EDUCACI\u00d3N<\/span><\/strong><\/h1>\n<p>[\/et_pb_text][\/et_pb_column][\/et_pb_row][et_pb_row column_structure=&#8221;1_2,1_2&#8243; _builder_version=&#8221;4.27.5&#8243; _module_preset=&#8221;default&#8221; global_colors_info=&#8221;{}&#8221; theme_builder_area=&#8221;post_content&#8221;][et_pb_column type=&#8221;1_2&#8243; _builder_version=&#8221;4.27.5&#8243; _module_preset=&#8221;default&#8221; global_colors_info=&#8221;{}&#8221; theme_builder_area=&#8221;post_content&#8221;][et_pb_text _builder_version=&#8221;4.27.5&#8243; _module_preset=&#8221;default&#8221; background_color=&#8221;#F9B529&#8243; global_colors_info=&#8221;{}&#8221; theme_builder_area=&#8221;post_content&#8221;]<\/p>\n<h2 style=\"text-align: center;\"><span style=\"color: #ffffff;\">PRESENTACI\u00d3N<\/span><\/h2>\n<h5 style=\"text-align: justify;\"><span style=\"color: #ffffff;\">El Bachillerato General formar\u00e1 j\u00f3venes y adultos con conciencia de su condici\u00f3n y fortaleza para el ejercicio integral de la ciudadan\u00eda y la vivencia en ambientes de paz, democracia e integraci\u00f3n.<\/span><\/h5>\n<p>[\/et_pb_text][et_pb_text _builder_version=&#8221;4.27.5&#8243; _module_preset=&#8221;default&#8221; use_background_color_gradient=&#8221;on&#8221; background_color_gradient_type=&#8221;conic&#8221; background_color_gradient_direction=&#8221;74deg&#8221; background_color_gradient_stops=&#8221;#2b87da 27%|#29c4a9 100%&#8221; global_colors_info=&#8221;{}&#8221; theme_builder_area=&#8221;post_content&#8221;]<\/p>\n<h2 style=\"text-align: center;\"><span style=\"color: #ffffff;\">PERFIL<\/span><\/h2>\n<h5 style=\"text-align: justify;\"><span style=\"color: #ffffff;\">En la UVHM estudiar\u00e1s mediante una plataforma educativa que mejora y facilita la experiencia de aprendizaje de las y los alumnos. Impulsamos el aprendizaje basado en las TIC. Ofrecemos educaci\u00f3n en el nivel medio superior a todas las personas que por diversas razones no tienen acceso a la modalidad presencial.<\/span><\/h5>\n<p>[\/et_pb_text][\/et_pb_column][et_pb_column type=&#8221;1_2&#8243; _builder_version=&#8221;4.27.5&#8243; _module_preset=&#8221;default&#8221; global_colors_info=&#8221;{}&#8221; theme_builder_area=&#8221;post_content&#8221;][et_pb_image src=&#8221;https:\/\/uvhm.site\/2026\/wp-content\/uploads\/2025\/12\/Bachillerato-500-x-300-px.png&#8221; title_text=&#8221;Bachillerato (500 x 300 px)&#8221; align=&#8221;center&#8221; _builder_version=&#8221;4.27.5&#8243; _module_preset=&#8221;default&#8221; background_color=&#8221;#3FBFE6&#8243; global_colors_info=&#8221;{}&#8221; theme_builder_area=&#8221;post_content&#8221;][\/et_pb_image][\/et_pb_column][\/et_pb_row][et_pb_row _builder_version=&#8221;4.27.5&#8243; _module_preset=&#8221;default&#8221; global_colors_info=&#8221;{}&#8221; theme_builder_area=&#8221;post_content&#8221;][et_pb_column type=&#8221;4_4&#8243; _builder_version=&#8221;4.27.5&#8243; _module_preset=&#8221;default&#8221; global_colors_info=&#8221;{}&#8221; theme_builder_area=&#8221;post_content&#8221;][et_pb_text _builder_version=&#8221;4.27.5&#8243; _module_preset=&#8221;default&#8221; background_color=&#8221;#0047ba&#8221; global_colors_info=&#8221;{}&#8221; theme_builder_area=&#8221;post_content&#8221;]<\/p>\n<h1 style=\"text-align: center;\"><span style=\"color: #ffffff;\">PLAN DE ESTUDIOS<\/span><\/h1>\n<p>[\/et_pb_text][\/et_pb_column][\/et_pb_row][et_pb_row _builder_version=&#8221;4.27.5&#8243; _module_preset=&#8221;default&#8221; global_colors_info=&#8221;{}&#8221; theme_builder_area=&#8221;post_content&#8221;][et_pb_column type=&#8221;4_4&#8243; _builder_version=&#8221;4.27.5&#8243; _module_preset=&#8221;default&#8221; global_colors_info=&#8221;{}&#8221; theme_builder_area=&#8221;post_content&#8221;][et_pb_code _builder_version=&#8221;4.27.5&#8243; _module_preset=&#8221;default&#8221; hover_enabled=&#8221;0&#8243; global_colors_info=&#8221;{}&#8221; theme_builder_area=&#8221;post_content&#8221; sticky_enabled=&#8221;0&#8243;]<\/p>\n<div style=\"width: 100%;\">\n<div style=\"position: relative; padding-bottom: 60%; padding-top: 0; height: 0;\"><iframe loading=\"lazy\" title=\"DE\" frameborder=\"0\" width=\"500\" height=\"300\" style=\"position: absolute; top: 0; left: 0; width: 100%; height: 100%;\" src=\"https:\/\/view.genially.com\/693fa5d00fc1368f4342ae1f\" type=\"text\/html\" allowscriptaccess=\"always\" allowfullscreen=\"true\" scrolling=\"yes\" allownetworking=\"all\"><\/iframe> <\/div>\n<\/p><\/div>\n<p>[\/et_pb_code][\/et_pb_column][\/et_pb_row][et_pb_row _builder_version=&#8221;4.27.5&#8243; _module_preset=&#8221;default&#8221; global_colors_info=&#8221;{}&#8221; theme_builder_area=&#8221;post_content&#8221;][et_pb_column type=&#8221;4_4&#8243; _builder_version=&#8221;4.27.5&#8243; _module_preset=&#8221;default&#8221; global_colors_info=&#8221;{}&#8221; theme_builder_area=&#8221;post_content&#8221;][et_pb_button button_url=&#8221;https:\/\/uvhm.edu.mx\/inicio\/wp-content\/uploads\/2024\/08\/Bachillerato_Plan.pdf-1-1.pdf&#8221; url_new_window=&#8221;on&#8221; button_text=&#8221;Ver Pdf en nueva ventana&#8221; button_alignment=&#8221;center&#8221; _builder_version=&#8221;4.27.5&#8243; _module_preset=&#8221;default&#8221; global_colors_info=&#8221;{}&#8221; theme_builder_area=&#8221;post_content&#8221;][\/et_pb_button][\/et_pb_column][\/et_pb_row][et_pb_row _builder_version=&#8221;4.27.5&#8243; _module_preset=&#8221;default&#8221; global_colors_info=&#8221;{}&#8221; theme_builder_area=&#8221;post_content&#8221;][et_pb_column type=&#8221;4_4&#8243; _builder_version=&#8221;4.27.5&#8243; _module_preset=&#8221;default&#8221; global_colors_info=&#8221;{}&#8221; theme_builder_area=&#8221;post_content&#8221;][et_pb_text _builder_version=&#8221;4.27.5&#8243; _module_preset=&#8221;default&#8221; background_color=&#8221;#0047ba&#8221; global_colors_info=&#8221;{}&#8221; theme_builder_area=&#8221;post_content&#8221;]<\/p>\n<h1 style=\"text-align: center;\"><span style=\"color: #ffffff;\">REQUISITOS<\/span><\/h1>\n<p>[\/et_pb_text][\/et_pb_column][\/et_pb_row][et_pb_row column_structure=&#8221;1_2,1_2&#8243; _builder_version=&#8221;4.27.5&#8243; _module_preset=&#8221;default&#8221; global_colors_info=&#8221;{}&#8221; theme_builder_area=&#8221;post_content&#8221;][et_pb_column type=&#8221;1_2&#8243; _builder_version=&#8221;4.27.5&#8243; _module_preset=&#8221;default&#8221; background_color=&#8221;#3FBFE6&#8243; global_colors_info=&#8221;{}&#8221; theme_builder_area=&#8221;post_content&#8221;][et_pb_text _builder_version=&#8221;4.27.5&#8243; _module_preset=&#8221;default&#8221; background_enable_image=&#8221;off&#8221; link_option_url=&#8221;https:\/\/uvhm.edu.mx\/inicio\/wp-content\/uploads\/2022\/09\/REFRENDO-BACHILLERATO.pdf&#8221; link_option_url_new_window=&#8221;on&#8221; global_colors_info=&#8221;{}&#8221; theme_builder_area=&#8221;post_content&#8221;]<\/p>\n<div id=\"content\" class=\"site-content\">\n<div class=\"container\">\n<div class=\"inner-wrapper\">\n<div id=\"primary\" class=\"content-area\">\n<h5 style=\"text-align: justify;\"><span style=\"text-align: justify; color: #ffffff;\">En el bachillerato UVHM utilizamos las nuevas tecnolog\u00edas de informaci\u00f3n y comunicaci\u00f3n aplicadas a la educaci\u00f3n. La formaci\u00f3n virtual ofrece a nuestros estudiantes una atenci\u00f3n personalizada, y les permite mantener contacto con los tutores en tiempo real o de manera asincr\u00f3nica, a trav\u00e9s de correo electr\u00f3nico, tel\u00e9fono, chat y principalmente por medio de una plataforma educativa que les da acceso a contenidos y actividades programadas y calendarizadas.<\/span><\/h5>\n<p><main id=\"main\" class=\"site-main\" role=\"main\"><\/p>\n<h5 style=\"text-align: justify;\"><span style=\"color: #ffffff;\">Dos a\u00f1os de duraci\u00f3n<\/span><\/h5>\n<h5 style=\"text-align: justify;\"><span style=\"color: #0000ff;\"><a href=\"https:\/\/uvhm.edu.mx\/inicio\/wp-content\/uploads\/2022\/09\/REFRENDO-BACHILLERATO.pdf\" target=\"_blank\" rel=\"noopener\" title=\"RVOE\" style=\"color: #0000ff;\">RVOE: DIRE\/PBG\/02\/2015<\/a><\/span><\/h5>\n<p><\/main><\/div>\n<\/div>\n<\/div>\n<\/div>\n<p>[\/et_pb_text][\/et_pb_column][et_pb_column type=&#8221;1_2&#8243; _builder_version=&#8221;4.27.5&#8243; _module_preset=&#8221;default&#8221; background_color=&#8221;#F9B529&#8243; global_colors_info=&#8221;{}&#8221; theme_builder_area=&#8221;post_content&#8221;][et_pb_text _builder_version=&#8221;4.27.5&#8243; _module_preset=&#8221;default&#8221; global_colors_info=&#8221;{}&#8221; theme_builder_area=&#8221;post_content&#8221;]<\/p>\n<ul>\n<li>\n<h5><span style=\"color: #ffffff;\">Acta de nacimiento (original y copia, sin alteraciones ni enmendaduras).<\/span><\/h5>\n<\/li>\n<li>\n<h5><span style=\"color: #ffffff;\">Certificado de secundaria (original y copia).<\/span><\/h5>\n<\/li>\n<li>\n<h5><span style=\"color: #ffffff;\">CURP (digital reciente).<\/span><\/h5>\n<\/li>\n<li>\n<h5><span style=\"color: #ffffff;\">Comprobante de domicilio (copia).<\/span><\/h5>\n<\/li>\n<li>\n<h5><span style=\"color: #ffffff;\">Carta de exposici\u00f3n de motivos para ingresar a la UVHM (original).<\/span><\/h5>\n<\/li>\n<li>\n<h5><span style=\"color: #ffffff;\">Seis fotograf\u00edas tama\u00f1o infantil en blanco y negro, fondo blanco, papel mate (no instant\u00e1neas) y sin retoque. Mujeres: cabello completamente recogido, sin maquillaje y sin accesorios. Hombres: sin barba, sin bigote y sin accesorios.<\/span><\/h5>\n<\/li>\n<li>\n<h5><span style=\"color: #ffffff;\">Solicitud de inscripci\u00f3n (llenar e imprimir su solicitud de inscripci\u00f3n).<\/span><\/h5>\n<\/li>\n<li>\n<h5><span style=\"color: #ffffff;\">Pago de inscripci\u00f3n y primera colegiatura mensual.<\/span><\/h5>\n<\/li>\n<\/ul>\n<h5><span style=\"color: #ffffff;\">N\u00famero de materias: 24<\/span><\/h5>\n<p>[\/et_pb_text][\/et_pb_column][\/et_pb_row][\/et_pb_section]<\/p>\n","protected":false},"excerpt":{"rendered":"<p>DOCTORADO EN EDUCACI\u00d3NPRESENTACI\u00d3N El Bachillerato General formar\u00e1 j\u00f3venes y adultos con conciencia de su condici\u00f3n y fortaleza para el ejercicio integral de la ciudadan\u00eda y la vivencia en ambientes de paz, democracia e integraci\u00f3n.PERFIL En la UVHM estudiar\u00e1s mediante una plataforma educativa que mejora y facilita la experiencia de aprendizaje de las y los alumnos. [&hellip;]<\/p>\n","protected":false},"author":1,"featured_media":0,"parent":0,"menu_order":0,"comment_status":"closed","ping_status":"closed","template":"","meta":{"_et_pb_use_builder":"on","_et_pb_old_content":"","_et_gb_content_width":"","footnotes":""},"class_list":["post-314","page","type-page","status-publish","hentry"],"_links":{"self":[{"href":"https:\/\/uvhm.site\/2026\/wp-json\/wp\/v2\/pages\/314","targetHints":{"allow":["GET"]}}],"collection":[{"href":"https:\/\/uvhm.site\/2026\/wp-json\/wp\/v2\/pages"}],"about":[{"href":"https:\/\/uvhm.site\/2026\/wp-json\/wp\/v2\/types\/page"}],"author":[{"embeddable":true,"href":"https:\/\/uvhm.site\/2026\/wp-json\/wp\/v2\/users\/1"}],"replies":[{"embeddable":true,"href":"https:\/\/uvhm.site\/2026\/wp-json\/wp\/v2\/comments?post=314"}],"version-history":[{"count":2,"href":"https:\/\/uvhm.site\/2026\/wp-json\/wp\/v2\/pages\/314\/revisions"}],"predecessor-version":[{"id":316,"href":"https:\/\/uvhm.site\/2026\/wp-json\/wp\/v2\/pages\/314\/revisions\/316"}],"wp:attachment":[{"href":"https:\/\/uvhm.site\/2026\/wp-json\/wp\/v2\/media?parent=314"}],"curies":[{"name":"wp","href":"https:\/\/api.w.org\/{rel}","templated":true}]}}